{"id":3528,"date":"2022-07-21T15:25:31","date_gmt":"2022-07-21T15:25:31","guid":{"rendered":"https:\/\/www.brovedanigroup.com\/?page_id=3528"},"modified":"2022-07-21T16:43:26","modified_gmt":"2022-07-21T16:43:26","slug":"carriera-demo","status":"publish","type":"page","link":"https:\/\/www.brovedanigroup.com\/index.php\/carriera-demo\/","title":{"rendered":"Carriera (DEMO)"},"content":{"rendered":"<div class=\"nk-awb \" >\n<p>.<\/p>\n<div class=\"nk-awb-wrap\" data-awb-type=\"yt_vm_video\" data-awb-image-background-size=\"cover\" data-awb-image-background-position=\"50% 50%\" data-awb-video=\"https:\/\/youtu.be\/-RwOKt_kIbc\" data-awb-video-start-time=\"0\" data-awb-video-end-time=\"0\" data-awb-video-volume=\"0\" data-awb-video-mobile=\"false\"><div  class=\"nk-awb-inner\"><\/div><\/div><\/div>\n<section class=\"section section-padded \"><div class=\"container-fluid\"><div class=\"section-header\"><h1>Opportunit\u00e0 <span class=\"light\">di Carriera<\/span><\/h1><\/div><div class=\"row-fluid\">\n<p class=\"lead text-center\">Fai parte della nostra storia!<\/p>\n<p class=\"lead text-center\">Offriamo opportunit\u00e0 di crescita in un ambiente in costante sviluppo.<br \/>\nIl tuo lavoro potr\u00e0 condurti alla scoperta di nuove opportunit\u00e0, avrai cos\u00ec modo di acquisire know how e skill che ti arricchiranno umanamente e professionalmente.<br \/>\nAnche le opportunit\u00e0 cross-region all\u2019interno delle diverse aziende del Gruppo non mancheranno.<br \/>\nEcco un dettaglio delle aree professionali di possibile inserimento in tutte le aziende del Gruppo.<\/p>\n<\/div><\/div><\/section>\n<section class=\"section section-padded section-alt \"><div class=\"container-fluid\"><div class=\"section-header\"><h1>Lavora <span class=\"light\">con noi<\/span><\/h1><\/div><div class=\"row-fluid\"><ul class=\"inline row-fluid\"><li class=\"span4\"><div class=\"well blockquote-well\"><blockquote><p><p class=\"lead text-center\"><strong>ASSUNZIONE<\/strong><\/p>\r\n\r\nRequisiti: diploma di perito meccanico<p class=\"lead text-center\"><\/p>\r\n\r\nSettore: conduttore macchine utensili <p class=\"lead text-center\"><\/p>\r\n\r\nLocation:\r\n\r\nMondial F.A.C.E.R.T. srl Brandizzo (TO)<p class=\"lead text-center\"><\/p>\r\n\r\nData: 24\/02\/2021<p class=\"lead text-center\"><\/p>\r\n\r\n<a href=\"mailto:<strong>careers@mondialfacert.it<\/strong>\" class=\"btn btn-success  \" target=\"_self\"><i class=\"\"><\/i> candidati<\/a>\r\n\r\n&nbsp;<\/p><small>Mondial 1<cite title=\"Source Title\"> <\/cite><\/small><\/blockquote><div class=\"round-box box-medium\"><span class=\"box-inner\"><img decoding=\"async\" alt=\"Mondial 1\" class=\"img-circle\" src=\"https:\/\/www.brovedanigroup.com\/wp-content\/uploads\/2021\/03\/Logo-rev-1.png\"><\/span><\/div><\/div><\/li><li class=\"span4\"><div class=\"well blockquote-well\"><blockquote><p><p class=\"lead text-center\"><strong>ASSUNZIONE<\/strong><\/p>\r\n\r\nRequisiti: Laurea in ingegneria meccanica<p class=\"lead text-center\"><\/p>\r\n\r\nSettore: Tecnologo di Processo<p class=\"lead text-center\"><\/p>\r\n\r\nLocation: Brovedani Slovakia\u00a0 \u2013 Galanta (SK)<p class=\"lead text-center\"><\/p>\r\n\r\nData: 24\/02\/2021<p class=\"lead text-center\"><\/p>\r\n\r\n<a href=\"mailto:careers@brovedanislovakia.sk\" class=\"btn btn-success  \" target=\"_self\"><i class=\"\"><\/i> candidati<\/a>\r\n\r\n&nbsp;<\/p><small>Brovedani SK_IT<cite title=\"Source Title\"> <\/cite><\/small><\/blockquote><div class=\"round-box box-medium\"><span class=\"box-inner\"><img decoding=\"async\" alt=\"Brovedani SK_IT\" class=\"img-circle\" src=\"https:\/\/www.brovedanigroup.com\/wp-content\/uploads\/2021\/03\/Logo-rev-1.png\"><\/span><\/div><\/div><\/li><li class=\"span4\"><div class=\"well blockquote-well\"><blockquote><p><p class=\"lead text-center\"><strong>ASSUNZIONE<\/strong><\/p>\r\n\r\nRequisiti: nessuno<p class=\"lead text-center\"><\/p>\r\n\r\nSettore: ADDETTO AI TORNI AUTOMATICI<p class=\"lead text-center\"><\/p>\r\n\r\nLocation: Brovedani Spa - San Vito al Tagliamento<p class=\"lead text-center\"><\/p>\r\n\r\nData: 20\/11\/2020<p class=\"lead text-center\"><\/p>\r\n\r\n&nbsp;\r\n\r\n<a href=\"mailto:careers@brovedani.it\" class=\"btn btn-success  \" target=\"_self\"><i class=\"\"><\/i> candidati<\/a>\r\n\r\n&nbsp;<\/p><small>Brovedani &#8211; Italia<cite title=\"Source Title\"> <\/cite><\/small><\/blockquote><div class=\"round-box box-medium\"><span class=\"box-inner\"><img decoding=\"async\" alt=\"Brovedani &#8211; Italia\" class=\"img-circle\" src=\"https:\/\/www.brovedanigroup.com\/wp-content\/uploads\/2021\/03\/Logo-rev-1.png\"><\/span><\/div><\/div><\/li><\/ul><ul class=\"inline row-fluid\"><li class=\"span4\"><div class=\"well blockquote-well\"><blockquote><p><p class=\"lead text-center\"><strong>ASSUNZIONE<\/strong><\/p>\r\n\r\nRequisiti: Laurea in ingegneria meccanica<p class=\"lead text-center\"><\/p>\r\n\r\nSettore: Tecnologo di Processo<p class=\"lead text-center\"><\/p>\r\n\r\nLocation: Brovedani SPA \u2013 San Vito al Tagliamento<p class=\"lead text-center\"><\/p>\r\n\r\nData: 24\/02\/2021<p class=\"lead text-center\"><\/p>\r\n\r\n<a href=\"mailto:careers@brovedani.it\" class=\"btn btn-success  \" target=\"_self\"><i class=\"\"><\/i> candidati<\/a>\r\n\r\n&nbsp;<\/p><small>Brovedani SPA<cite title=\"Source Title\"> <\/cite><\/small><\/blockquote><div class=\"round-box box-medium\"><span class=\"box-inner\"><img decoding=\"async\" alt=\"Brovedani SPA\" class=\"img-circle\" src=\"https:\/\/www.brovedanigroup.com\/wp-content\/uploads\/2021\/03\/Logo-rev-1.png\"><\/span><\/div><\/div><\/li><li class=\"span4\"><div class=\"well blockquote-well\"><blockquote><p><p class=\"lead text-center\"><strong>ASSUNZIONE<\/strong><\/p>\r\n\r\nRequisiti: Laurea in ingegneria meccanica<p class=\"lead text-center\"><\/p>\r\n\r\nSettore: Tecnologo di Processo<p class=\"lead text-center\"><\/p>\r\n\r\nLocation: Brovedani REME\u2013 Queretaro(MX))<p class=\"lead text-center\"><\/p>\r\n\r\nData: 24\/02\/2021<p class=\"lead text-center\"><\/p>\r\n\r\n<a href=\"mailto:careers@brovedanislovakia.sk\" class=\"btn btn-success  \" target=\"_self\"><i class=\"\"><\/i> candidati<\/a>\r\n\r\n&nbsp;<\/p><small>Brovedani Mx01<cite title=\"Source Title\"> <\/cite><\/small><\/blockquote><div class=\"round-box box-medium\"><span class=\"box-inner\"><img decoding=\"async\" alt=\"Brovedani Mx01\" class=\"img-circle\" src=\"https:\/\/www.brovedanigroup.com\/wp-content\/uploads\/2021\/03\/Logo-rev-1.png\"><\/span><\/div><\/div><\/li><li class=\"span4\"><div class=\"well blockquote-well\"><blockquote><p><p class=\"lead text-center\"><strong>HIRING<\/strong> <\/p>\r\n\r\nOPPORTUNITY: Thesis Degree<p class=\"lead text-center\"><\/p>\r\n\r\nAREA: Technical Area<p class=\"lead text-center\"><\/p>\r\n\r\nLOCATION: Brovedani REME\u2013 Queretaro(MX))<p class=\"lead text-center\"><\/p>\r\n\r\nDATE: 24\/02\/2021<p class=\"lead text-center\"><\/p>\r\n\r\n<a href=\"mailto:careers@brovedanislovakia.sk\" class=\"btn btn-success  \" target=\"_self\"><i class=\"\"><\/i> Apply <\/a>\r\n\r\n&nbsp;<\/p><small>Brovedani Mx01<cite title=\"Source Title\"> <\/cite><\/small><\/blockquote><div class=\"round-box box-medium\"><span class=\"box-inner\"><img decoding=\"async\" alt=\"Brovedani Mx01\" class=\"img-circle\" src=\"https:\/\/www.brovedanigroup.com\/wp-content\/uploads\/2021\/03\/Logo-rev.png\"><\/span><\/div><\/div><\/li><\/ul><ul class=\"inline row-fluid\"><li class=\"span4\"><div class=\"well blockquote-well\"><blockquote><p><p class=\"lead text-center\"><strong>ASSUNZIONE<\/strong><\/p>\r\n\r\nKNOWLEDGE REQUEST: nessuno<p class=\"lead text-center\"><\/p>\r\n\r\nROLE: ADDETTO AI TORNI AUTOMATICI<p class=\"lead text-center\"><\/p>\r\n\r\nLOCATION: Brovedani Spa - San Vito al Tagliamento<p class=\"lead text-center\"><\/p>\r\n\r\nDATE: 20\/11\/2020<p class=\"lead text-center\"><\/p>\r\n\r\n&nbsp;\r\n\r\n<a href=\"mailto:careers@brovedani.it\" class=\"btn btn-success  \" target=\"_self\"><i class=\"\"><\/i> Apply <\/a>\r\n\r\n&nbsp;<\/p><small>ASS_BRO_1_EN<cite title=\"Source Title\"> <\/cite><\/small><\/blockquote><div class=\"round-box box-medium\"><span class=\"box-inner\"><img decoding=\"async\" alt=\"ASS_BRO_1_EN\" class=\"img-circle\" src=\"https:\/\/www.brovedanigroup.com\/wp-content\/uploads\/2021\/03\/Logo-rev.png\"><\/span><\/div><\/div><\/li><li class=\"span4\"><div class=\"well blockquote-well\"><blockquote><p><p class=\"lead text-center\">\r\n\r\n<strong>HIRING<\/strong>\r\n\r\n<\/p>\r\n\r\nKNOWLEDGE REQUEST: Mechanical engineering degree<p class=\"lead text-center\"><\/p>\r\n\r\nROLE: Process Technologist<p class=\"lead text-center\"><\/p>\r\n\r\nLOCATION: Brovedani SPA \u2013 San Vito al Tagliamento<p class=\"lead text-center\"><\/p>\r\n\r\nDATE: 24\/02\/2021<p class=\"lead text-center\"><\/p>\r\n\r\n<a href=\"mailto:careers@brovedani.it\" class=\"btn btn-success  \" target=\"_self\"><i class=\"\"><\/i> Apply<\/a>\r\n\r\n&nbsp;<\/p><small>Brovedani 1_EN<cite title=\"Source Title\"> <\/cite><\/small><\/blockquote><div class=\"round-box box-medium\"><span class=\"box-inner\"><img decoding=\"async\" alt=\"Brovedani 1_EN\" class=\"img-circle\" src=\"https:\/\/www.brovedanigroup.com\/wp-content\/uploads\/2021\/03\/Logo-rev.png\"><\/span><\/div><\/div><\/li><li class=\"span4\"><div class=\"well blockquote-well\"><blockquote><p><p class=\"lead text-center\">\r\n\r\n<strong>HIRING<\/strong>\r\n\r\n<\/p>\r\n\r\nKNOWLEDGE REQUEST: Mechanical engineering degree<p class=\"lead text-center\"><\/p>\r\n\r\nROLE: Process Technologist<p class=\"lead text-center\"><\/p>\r\n\r\nLOCATION: Brovedani Slovakia\u00a0 \u2013 Galanta (SK)<p class=\"lead text-center\"><\/p>\r\n\r\nDATE: 24\/02\/2021<p class=\"lead text-center\"><\/p>\r\n\r\n<a href=\"mailto:careers@brovedanislovakia.sk\" class=\"btn btn-success  \" target=\"_self\"><i class=\"\"><\/i> Apply <\/a>\r\n\r\n&nbsp;<\/p><small>Brovedani SK1_EN<cite title=\"Source Title\"> <\/cite><\/small><\/blockquote><div class=\"round-box box-medium\"><span class=\"box-inner\"><img decoding=\"async\" alt=\"Brovedani SK1_EN\" class=\"img-circle\" src=\"https:\/\/www.brovedanigroup.com\/wp-content\/uploads\/2021\/03\/Logo-rev.png\"><\/span><\/div><\/div><\/li><\/ul><\/div><\/div><\/section>\n[THJM_JOBS layout=&#8221;small&#8221; style=&#8221;gray&#8221; title=&#8221;Lavora_con_noi&#8221;]\n<section class=\"section section-padded \"><div class=\"container-fluid\"><div class=\"section-header\"><h1>Autocandidatura<\/h1><\/div><div class=\"row-fluid\">\n<p class=\"lead text-center\">Il nostro staff si prender\u00e0 cura dei tuoi dati\u00a0 e ti contatter\u00e0 se sarai la figura che fa al caso nostro.<\/p>\n<div class=\"row-fluid\"><div class=\"span4\">\n\n<div class=\"wpcf7 no-js\" id=\"wpcf7-f5-o1\" lang=\"it-IT\" dir=\"ltr\" data-wpcf7-id=\"5\">\n<div class=\"screen-reader-response\"><p role=\"status\" aria-live=\"polite\" aria-atomic=\"true\"><\/p> <ul><\/ul><\/div>\n<form action=\"\/index.php\/wp-json\/wp\/v2\/pages\/3528#wpcf7-f5-o1\" method=\"post\" class=\"wpcf7-form init\" aria-label=\"Modulo di contatto\" enctype=\"multipart\/form-data\" novalidate=\"novalidate\" data-status=\"init\">\n<div style=\"display: none;\">\n<input type=\"hidden\" name=\"_wpcf7\" value=\"5\" \/>\n<input type=\"hidden\" name=\"_wpcf7_version\" value=\"6.0.6\" \/>\n<input type=\"hidden\" name=\"_wpcf7_locale\" value=\"it_IT\" \/>\n<input type=\"hidden\" name=\"_wpcf7_unit_tag\" value=\"wpcf7-f5-o1\" \/>\n<input type=\"hidden\" name=\"_wpcf7_container_post\" value=\"0\" \/>\n<input type=\"hidden\" name=\"_wpcf7_posted_data_hash\" value=\"\" \/>\n<input type=\"hidden\" name=\"_wpcf7_recaptcha_response\" value=\"\" \/>\n<\/div>\n<p><label> Nome<br \/>\n<span class=\"wpcf7-form-control-wrap\" data-name=\"your-name\"><input size=\"40\" maxlength=\"400\" class=\"wpcf7-form-control wpcf7-text wpcf7-validates-as-required\" aria-required=\"true\" aria-invalid=\"false\" value=\"\" type=\"text\" name=\"your-name\" \/><\/span> <\/label><br \/>\n<label> Cognome<br \/>\n<span class=\"wpcf7-form-control-wrap\" data-name=\"your-name\"><input size=\"40\" maxlength=\"400\" class=\"wpcf7-form-control wpcf7-text wpcf7-validates-as-required\" aria-required=\"true\" aria-invalid=\"false\" value=\"\" type=\"text\" name=\"your-name\" \/><\/span> <\/label><br \/>\n<label> email<br \/>\n<span class=\"wpcf7-form-control-wrap\" data-name=\"your-email\"><input size=\"40\" maxlength=\"400\" class=\"wpcf7-form-control wpcf7-email wpcf7-validates-as-required wpcf7-text wpcf7-validates-as-email\" aria-required=\"true\" aria-invalid=\"false\" value=\"\" type=\"email\" name=\"your-email\" \/><\/span> <\/label>\n<\/p>\n<p><label> Oggetto<br \/>\n<span class=\"wpcf7-form-control-wrap\" data-name=\"your-subject\"><input size=\"40\" maxlength=\"400\" class=\"wpcf7-form-control wpcf7-text wpcf7-validates-as-required\" aria-required=\"true\" aria-invalid=\"false\" value=\"\" type=\"text\" name=\"your-subject\" \/><\/span> <\/label><br \/>\n<label> Messaggio (opzionale)<br \/>\n<span class=\"wpcf7-form-control-wrap\" data-name=\"your-message\"><textarea cols=\"40\" rows=\"10\" maxlength=\"2000\" class=\"wpcf7-form-control wpcf7-textarea\" aria-invalid=\"false\" name=\"your-message\"><\/textarea><\/span> <\/label><br \/>\n<label> Stabilimento Brovedani<br \/>\n<span class=\"wpcf7-form-control-wrap\" data-name=\"recipient\"><select class=\"wpcf7-form-control wpcf7-select wpcf7-validates-as-required\" aria-required=\"true\" aria-invalid=\"false\" name=\"recipient\"><option value=\"Brovedani Italia\">Brovedani Italia<\/option><option value=\"Brovedani SK\">Brovedani SK<\/option><option value=\"Brovedani Messico\">Brovedani Messico<\/option><option value=\"Mondial FACERT\">Mondial FACERT<\/option><\/select><\/span><\/label><br \/>\n<label> Allega curriculum pdf<br \/>\n<span class=\"wpcf7-form-control-wrap\" data-name=\"file-846\"><input size=\"40\" class=\"wpcf7-form-control wpcf7-file\" accept=\".pdf\" aria-invalid=\"false\" type=\"file\" name=\"file-846\" \/><\/span><\/label><br \/>\n\n<\/p>\n<p><input class=\"wpcf7-form-control wpcf7-submit has-spinner\" type=\"submit\" value=\"Invio\" \/>\n<\/p><div class=\"wpcf7-response-output\" aria-hidden=\"true\"><\/div>\n<\/form>\n<\/div>\n\n<\/div>\n<div class=\"span8\">\n<p><img loading=\"lazy\" decoding=\"async\" class=\"alignnone size-full wp-image-1638\" src=\"https:\/\/nuovo01.brovedanigroup.com\/wp-content\/uploads\/2021\/01\/BR_pf.png\" alt=\"\" width=\"741\" height=\"258\" srcset=\"https:\/\/www.brovedanigroup.com\/wp-content\/uploads\/2021\/01\/BR_pf.png 741w, https:\/\/www.brovedanigroup.com\/wp-content\/uploads\/2021\/01\/BR_pf-300x104.png 300w, https:\/\/www.brovedanigroup.com\/wp-content\/uploads\/2021\/01\/BR_pf-500x174.png 500w\" sizes=\"auto, (max-width: 741px) 100vw, 741px\" \/><\/p>\n<\/div><\/div>\n<\/div><\/div><\/section>\n","protected":false},"excerpt":{"rendered":"<p>[THJM_JOBS layout=&#8221;small&#8221; style=&#8221;gray&#8221; title=&#8221;Lavora_con_noi&#8221;]<\/p>\n","protected":false},"author":2,"featured_media":0,"parent":0,"menu_order":0,"comment_status":"open","ping_status":"closed","template":"template-full-nopad.php","meta":{"footnotes":""},"class_list":["post-3528","page","type-page","status-publish","hentry"],"_links":{"self":[{"href":"https:\/\/www.brovedanigroup.com\/index.php\/wp-json\/wp\/v2\/pages\/3528","targetHints":{"allow":["GET"]}}],"collection":[{"href":"https:\/\/www.brovedanigroup.com\/index.php\/wp-json\/wp\/v2\/pages"}],"about":[{"href":"https:\/\/www.brovedanigroup.com\/index.php\/wp-json\/wp\/v2\/types\/page"}],"author":[{"embeddable":true,"href":"https:\/\/www.brovedanigroup.com\/index.php\/wp-json\/wp\/v2\/users\/2"}],"replies":[{"embeddable":true,"href":"https:\/\/www.brovedanigroup.com\/index.php\/wp-json\/wp\/v2\/comments?post=3528"}],"version-history":[{"count":4,"href":"https:\/\/www.brovedanigroup.com\/index.php\/wp-json\/wp\/v2\/pages\/3528\/revisions"}],"predecessor-version":[{"id":3558,"href":"https:\/\/www.brovedanigroup.com\/index.php\/wp-json\/wp\/v2\/pages\/3528\/revisions\/3558"}],"wp:attachment":[{"href":"https:\/\/www.brovedanigroup.com\/index.php\/wp-json\/wp\/v2\/media?parent=3528"}],"curies":[{"name":"wp","href":"https:\/\/api.w.org\/{rel}","templated":true}]}}